{"id":2294,"date":"2022-12-03T16:08:30","date_gmt":"2022-12-03T15:08:30","guid":{"rendered":"https:\/\/pacta.biz\/detective\/plagiat-de-sites-web\/"},"modified":"2022-12-03T16:08:30","modified_gmt":"2022-12-03T15:08:30","slug":"plagiat-de-sites-web","status":"publish","type":"page","link":"https:\/\/pacta.biz\/detective\/plagiat-de-sites-web\/","title":{"rendered":"Plagiat de sites web"},"content":{"rendered":"<p>Bar-le-duc, Allier, comment <strong>choisir un consultant en cybercriminalit\u00e9<\/strong> ? Enqu\u00eate pour Vid\u00e9osurveillance, criminalit\u00e9 informatique, enqu\u00eates pr\u00e9nuptiales, prestation compensatoire et divorce, nos partenaires d\u00e9tectives priv\u00e9s vous accompagnent. Plagiat de sites web, prestation compensatoire et divorce, d\u00e9couvrez les services Judicialis \u00ae.<\/p>\n<p>Plagiat de sites web, vol, le consultant en cybercriminalit\u00e9 prend en charge vos affaires dans le d\u00e9partement Allier, \u00e0 Calais, Etain, Saint-Etienne ou la r\u00e9gion Mayenne (53) Sarthe (72) Vend\u00e9e (85) Pays de la Loire.<\/p>\n<p><img decoding=\"async\" src=\"https:\/\/pacta.biz\/detective\/wp-content\/uploads\/sites\/20\/2022\/12\/site-alain-stevens-pacta-com.jpg\" alt=\"Plagiat de sites web - Consultant en cybercriminalit\u00e9\" \/><\/p>\n<p>Laval<\/p>\n<h2>Consultant en cybers\u00e9curit\u00e9 Haute-Marne (52)<\/h2>\n<p>A Roubaix, un d\u00e9tective partenaire Vigifraude vous propose des enqu\u00eates pour escroqueries en tout genre et recherche en paternit\u00e9, pour votre avocat sp\u00e9cialis\u00e9 en droit des dessins et mod\u00e8les. criminalit\u00e9 informatique, enqu\u00eates pr\u00e9nuptiales, Vigifraude \u00ae vous propose des solutions.<\/p>\n<p>La Section 1 du chapitre II (questions de droit mat\u00e9riel) porte sur les dispositions relatives aux incriminations et les autres dispositions connexes applicables \u00e0 la criminalit\u00e9 informatique : il commence par d\u00e9finir 9 infractions group\u00e9es en quatre cat\u00e9gories, puis traite des autres formes de responsabilit\u00e9 et de sanctions.<\/p>\n<h3>Vid\u00e9osurveillance Laval<\/h3>\n<p>Nous intervenons pour des affaires de <a href=\"https:\/\/cybercrime.pacta.com\/pups\/\">pups<\/a>.<\/p>\n<p>DDCSPP DES DEUX-SEVRES Direction d\u00e9partementale DEUX-SEVRES Nouvelle-Aquitaine : 30 rue de l&#8217; Hotel de Ville CS 58434, 79024 NIORT CEDEX. T\u00e9l : 05 49 17 27 00. Fax : 05 49 17 27 94 Mail : ddcspp@deux-sevres.gouv.fr. Gps : 46.32416,-0.464437 Vous avez besoin d&#8217;un d\u00e9tective en r\u00e9gion Haute-Marne (52) pour une concurrence d\u00e9loyale dans les entreprises ? D\u00e9couvrez les services Pacta \u00ae 360 Investigation.<\/p>\n<h2>Consultant en cybercriminalit\u00e9 06 &#8211; Alpes-Maritimes<\/h2>\n<p>Vous avez un litige en cybercriminalit\u00e9 dans le d\u00e9partement 41 &#8211; Loir-et-Cher ou 971 &#8211; Guadeloupe &#8211; Guadeloupe ?<\/p>\n<p><img decoding=\"async\" src=\"https:\/\/pacta.biz\/detective\/wp-content\/uploads\/sites\/20\/2022\/12\/alains-stevens-8-conseils-informatique-consultant-cybercrime-7.jpg\" alt=\"Vid\u00e9osurveillance - Consultant en cybercriminalit\u00e9\" \/><\/p>\n<p>Par \u00ab origine \u00bb, on entend un num\u00e9ro de t\u00e9l\u00e9phone, une adresse IP ou un moyen similaire d&#8217;identifier un dispositif de communication auquel un prestataire de services fournit des.<\/p>\n<h3>Atteintes \u00e0 l\u2019e-r\u00e9putation des entreprises Serre-Chevalier<\/h3>\n<p>D\u00e9couvrez nos services pour <a href=\"https:\/\/cybercrime.pacta.com\/responsabilite-penale\/\">responsabilit\u00e9 p\u00e9nale<\/a>.<\/p>\n<p>Ces activit\u00e9s ne sont donc pas incrimin\u00e9es par le pr\u00e9sent article m\u00eame si elles se traduisent par une entrave grave.<\/p>\n<h2>Intrusion dans les r\u00e9seaux informatiques : D\u00e9tective priv\u00e9 cybercriminalit\u00e9 et d\u00e9tournement de client\u00e8le<\/h2>\n<p>Vous \u00eates dessinateur, relations publiques, vous avez besoin d&#8217;un audit Web sur labastilleandpartners.com, citmarkets.com, bit24coin.com, horizon-patrimoine.com ? Nous proposons des solutions, avec des d\u00e9tectives en r\u00e9gion Pays de la Loire. Condamnation : En mati\u00e8re p\u00e9nale : d\u00e9cision de justice d\u00e9clarant une personne coupable d&#8217;avoir commis une infraction et pronon\u00e7ant une peine.<\/p>\n<p>labastilleandpartners.com : demandez un devis pour un audit Web. Une seconde conf\u00e9rence, qui s&#8217;est tenue \u00e0 Rome les 11 et 12 novembre 2003, a constitu\u00e9 un autre pas important vers la constitution d&#8217;un corpus europ\u00e9en de bonnes pratiques en mati\u00e8re de pr\u00e9vention.<\/p>\n<h3>Filtrage du courrier ind\u00e9sirable Flandre fran\u00e7aise et Hainaut fran\u00e7ais (Lille, conseil souverain \u00e0 Douai)<\/h3>\n<p>365globalmarket.com, ibl-markets.com, quels sont les avis et t\u00e9moignages ? Un consultant en cybercriminalit\u00e9 enqu\u00eate pour les affaires de <a href=\"https:\/\/cybercrime.pacta.com\/repression\/\">r\u00e9pression<\/a>.<\/p>\n<p>Dans un premier temps, les \u00c9tats membres nommeront des fonctionnaires, le groupe de travail Article 29 sur la protection des donn\u00e9es d\u00e9signera des experts en technologie et des sp\u00e9cialistes des questions relatives au respect de la vie priv\u00e9e, et des repr\u00e9sentants des entreprises et des consommateurs seront choisis en \u00e9troite liaison avec leurs organisations repr\u00e9sentatives. Il faut donner des moyens juridiques nouveaux aux services fiscaux afin de lutter efficacement contre la fraude.<\/p>\n<p>investir-dans-le-whisky.com : nous pouvons r\u00e9aliser un audit Web. Demandez un devis de d\u00e9tective priv\u00e9 pour des informations sur le train de vie et les revenus ou une recherche de d\u00e9biteurs partis sans laisser d&#8217;adresse.<\/p>\n<p>Cet objectif strat\u00e9gique global peut \u00eatre scind\u00e9 en cinq sous-objectifs strat\u00e9giques, comme \u00e9tablir une plate-forme et des structures politiques en vue de l&#8217;\u00e9laboration d&#8217;une politique coh\u00e9rente de l&#8217;Union en mati\u00e8re de lutte contre la cybercriminalit\u00e9, en collaboration avec les \u00c9tats membres et les organisations communautaires et internationales comp\u00e9tentes, et am\u00e9liorer l&#8217;efficacit\u00e9 des cadres juridiques et institutionnels en place, \u00e9galement en clarifiant les responsabilit\u00e9s de tous les acteurs concern\u00e9s. Une type de fraude peut causer un pr\u00e9judice financier de quelques milliers \u00e0 quelques millions d&#8217;euros.<\/p>\n<h4>Audit Vigifraude \u00ae sur activebanque.com et 365globalmarket.com<\/h4>\n<p>nfinancial-partners.com : que penser de ce site ? Vous avez besoin d&#8217;un devis pour une investigation sur <a href=\"https:\/\/cybercrime.pacta.com\/darknet\/\">darknet<\/a> ?<\/p>\n<p><img decoding=\"async\" src=\"https:\/\/pacta.biz\/detective\/wp-content\/uploads\/sites\/20\/2022\/12\/site-alain-stevens-pacta-com-1.jpg\" alt=\"Filtrage du courrier ind\u00e9sirable - Consultant en cybercriminalit\u00e9\" \/><\/p>\n<p>En sus de l&#8217;exigence g\u00e9n\u00e9rale de l&#8217;intention, il doit exister l&#8217;intention sp\u00e9cifique (c&#8217;est-\u00e0-dire directe) d&#8217;utiliser le dispositif pour commettre l&#8217;une ou l&#8217;autre des infractions vis\u00e9es aux articles 2 \u00e0 5 de la Convention. Dans les proc\u00e9dures de liquidation judiciaire, une entreprise peut engager une poursuite \u00e0 l&#8217;encontre de sa banque.<\/p>\n<p>Demandez un devis si vous souhaitez une enqu\u00eate informatique pour <a href=\"https:\/\/cybercrime.pacta.com\/menaces-informatiques\/\">menaces informatiques<\/a>.<\/p>\n","protected":false},"excerpt":{"rendered":"<div class=\"mh-excerpt\"><p>Bar-le-duc, Allier, comment choisir un consultant en cybercriminalit\u00e9 ? Enqu\u00eate pour Vid\u00e9osurveillance, criminalit\u00e9 informatique, enqu\u00eates pr\u00e9nuptiales, prestation compensatoire et divorce, nos partenaires d\u00e9tectives priv\u00e9s vous <a class=\"mh-excerpt-more\" href=\"https:\/\/pacta.biz\/detective\/plagiat-de-sites-web\/\" title=\"Plagiat de sites web\">[&#8230;]<\/a><\/p>\n<\/div>","protected":false},"author":1,"featured_media":0,"parent":0,"menu_order":0,"comment_status":"open","ping_status":"open","template":"","meta":{"_bbp_topic_count":0,"_bbp_reply_count":0,"_bbp_total_topic_count":0,"_bbp_total_reply_count":0,"_bbp_voice_count":0,"_bbp_anonymous_reply_count":0,"_bbp_topic_count_hidden":0,"_bbp_reply_count_hidden":0,"_bbp_forum_subforum_count":0,"footnotes":""},"class_list":["post-2294","page","type-page","status-publish","hentry"],"_links":{"self":[{"href":"https:\/\/pacta.biz\/detective\/wp-json\/wp\/v2\/pages\/2294","targetHints":{"allow":["GET"]}}],"collection":[{"href":"https:\/\/pacta.biz\/detective\/wp-json\/wp\/v2\/pages"}],"about":[{"href":"https:\/\/pacta.biz\/detective\/wp-json\/wp\/v2\/types\/page"}],"author":[{"embeddable":true,"href":"https:\/\/pacta.biz\/detective\/wp-json\/wp\/v2\/users\/1"}],"replies":[{"embeddable":true,"href":"https:\/\/pacta.biz\/detective\/wp-json\/wp\/v2\/comments?post=2294"}],"version-history":[{"count":0,"href":"https:\/\/pacta.biz\/detective\/wp-json\/wp\/v2\/pages\/2294\/revisions"}],"wp:attachment":[{"href":"https:\/\/pacta.biz\/detective\/wp-json\/wp\/v2\/media?parent=2294"}],"curies":[{"name":"wp","href":"https:\/\/api.w.org\/{rel}","templated":true}]}}