{"id":2217,"date":"2022-12-03T16:08:18","date_gmt":"2022-12-03T15:08:18","guid":{"rendered":"https:\/\/pacta.biz\/detective\/importation-de-toute-donnee-adaptee-pour-commettre-des-infractions-aux-stad\/"},"modified":"2022-12-03T16:08:18","modified_gmt":"2022-12-03T15:08:18","slug":"importation-de-toute-donnee-adaptee-pour-commettre-des-infractions-aux-stad","status":"publish","type":"page","link":"https:\/\/pacta.biz\/detective\/importation-de-toute-donnee-adaptee-pour-commettre-des-infractions-aux-stad\/","title":{"rendered":"Importation de toute donn\u00e9e adapt\u00e9e pour commettre des infractions aux STAD"},"content":{"rendered":"<p>Angers, Loire-atlantique, comment <strong>choisir un consultant en cybercriminalit\u00e9<\/strong> ? Enqu\u00eate pour Mise \u00e0 disposition de toute donn\u00e9e adapt\u00e9e pour commettre des infractions aux STAD, concurrence d\u00e9loyale, menaces num\u00e9riques, recherche de clients et de fournisseurs, nos partenaires d\u00e9tectives priv\u00e9s vous accompagnent. Importation de toute donn\u00e9e adapt\u00e9e pour commettre des infractions aux STAD, recherche de clients et de fournisseurs, d\u00e9couvrez les services Judicialis \u00ae.<\/p>\n<p>Importation de toute donn\u00e9e adapt\u00e9e pour commettre des infractions aux STAD, espionnage industriel, le consultant en cybercriminalit\u00e9 prend en charge vos affaires dans le d\u00e9partement Loire-atlantique, \u00e0 Chaumont, Graulhet, Pont-sur-Yonne ou la r\u00e9gion Picardie Aisne (02) Oise (60) Somme (80).<\/p>\n<p><img decoding=\"async\" src=\"https:\/\/pacta.biz\/detective\/wp-content\/uploads\/sites\/20\/2022\/12\/site-alain-stevens-pacta-com.jpg\" alt=\"Importation de toute donn\u00e9e adapt\u00e9e pour commettre des infractions aux STAD - Consultant en cybercriminalit\u00e9\" \/><\/p>\n<p>M\u00e9rignac<\/p>\n<h2>Consultant en cybers\u00e9curit\u00e9 Rh\u00f4ne (69)<\/h2>\n<p>A Toulon, un d\u00e9tective partenaire Vigifraude vous propose des enqu\u00eates pour moralit\u00e9 des associ\u00e9s ou collaborateurs pr\u00e9sents et recherches diverses, pour votre avocat sp\u00e9cialis\u00e9 en droit des associations et fondations. concurrence d\u00e9loyale, menaces num\u00e9riques, Vigifraude \u00ae vous propose des solutions.<\/p>\n<p>La possibilit\u00e9 de recourir sur le plan international \u00e0 des pouvoirs coercitifs peuvent consister en la surveillance \u00e9lectronique des r\u00e9seaux d&#8217;information (via l&#8217;Internet, entre autres)<\/p>\n<h3>Mise \u00e0 disposition de toute donn\u00e9e adapt\u00e9e pour commettre des infractions aux STAD M\u00e9rignac<\/h3>\n<p>Nous intervenons pour des affaires de <a href=\"https:\/\/cybercrime.pacta.com\/violation-de-propriete-intellectuelle\/\">violation de propri\u00e9t\u00e9 intellectuelle<\/a>.<\/p>\n<p>DIRECCTE HAUTS-DE-FRANCE Direction r\u00e9gionale NORD Hauts-de-France  : Les Arcades de Flandre 70 rue Saint-Sauveur BP 456, 59021 LILLE CEDEX. T\u00e9l : 03.20.96.48.60 Mail : npdcp.direction@direccte.gouv.fr. Gps : 50.630535,3.072252 Vous avez besoin d&#8217;un d\u00e9tective en r\u00e9gion Rh\u00f4ne (69) pour une d\u00e9tection de dispositifs espions de captation d\u2019image et de son ? D\u00e9couvrez les services Pacta \u00ae 360 Investigation.<\/p>\n<h2>Consultant en cybercriminalit\u00e9 73 &#8211; Savoie<\/h2>\n<p>Vous avez un litige en cybercriminalit\u00e9 dans le d\u00e9partement 68 &#8211; Haut-Rhin ou 61 &#8211; Orne &#8211; Normandie ?<\/p>\n<p><img decoding=\"async\" src=\"https:\/\/pacta.biz\/detective\/wp-content\/uploads\/sites\/20\/2022\/12\/alains-stevens-8-conseils-informatique-consultant-cybercrime-7.jpg\" alt=\"Mise \u00e0 disposition de toute donn\u00e9e adapt\u00e9e pour commettre des infractions aux STAD - Consultant en cybercriminalit\u00e9\" \/><\/p>\n<p>Les infractions contre la confidentialit\u00e9, l&#8217;int\u00e9grit\u00e9 et la disponibilit\u00e9 des donn\u00e9es et syst\u00e8mes informatiques repr\u00e9sentent les principales menaces qui, d&#8217;apr\u00e8s le d\u00e9bat conduit sur la s\u00e9curit\u00e9 des ordinateurs et des donn\u00e9es, p\u00e8sent sur les syst\u00e8mes de traitement et de transmission automatis\u00e9s des donn\u00e9es.<\/p>\n<h3>Cyber-risques Alen\u00e7on<\/h3>\n<p>D\u00e9couvrez nos services pour <a href=\"https:\/\/cybercrime.pacta.com\/reseaux-sociaux\/\">r\u00e9seaux sociaux<\/a>.<\/p>\n<p>Ces activit\u00e9s ne sont donc pas incrimin\u00e9es par le pr\u00e9sent article m\u00eame si elles se traduisent par une entrave grave.<\/p>\n<h2>Atteintes \u00e0 l&#8217;e-r\u00e9putation des entreprises : D\u00e9tective priv\u00e9 cybercriminalit\u00e9 et contrefa\u00e7on et revente frauduleuse<\/h2>\n<p>Vous \u00eates chiromancien, moniteur de sports, vous avez besoin d&#8217;un audit Web sur superoptions.com, firstclassbinary.finance, btc-cap.net, golddinar.fr ? Nous proposons des solutions, avec des d\u00e9tectives en r\u00e9gion Auvergne-Rh\u00f4ne-Alpes. D\u00e9tention provisoire : Ce dernier peut demander de placer en prison -avant son jugement- une personne mise en examen pour crime ou d\u00e9lit puni d&#8217;au moins trois ans d&#8217;emprisonnement.<\/p>\n<p>superoptions.com : demandez un devis pour un audit Web. La coop\u00e9ration au niveau de l&#8217;UE peut avoir un important effet de facilitation et de soutien, sans toutefois se substituer aux politiques nationales des \u00c9tats membres.<\/p>\n<h3>D\u00e9nigrement sur les r\u00e9seaux sociaux Flandre fran\u00e7aise et Hainaut fran\u00e7ais (Lille, conseil souverain \u00e0 Douai)<\/h3>\n<p>futur-solution.com, goptions.com, quels sont les avis et t\u00e9moignages ? Un consultant en cybercriminalit\u00e9 enqu\u00eate pour les affaires de <a href=\"https:\/\/cybercrime.pacta.com\/cession-de-toute-donnee-adaptee-pour-commettre-des-infractions-aux-stad\/\">cession de toute donn\u00e9e adapt\u00e9e pour commettre des infractions aux stad<\/a>.<\/p>\n<p>Le G8 a organis\u00e9 des actions permettant l&#8217;\u00e9change d&#8217;exp\u00e9riences entre autorit\u00e9s charg\u00e9es de l&#8217;application des lois et l&#8217;\u00e9laboration de technologies d&#8217;investigation communes \u00e0 partir de cas concrets. Une mesure de formation suppl\u00e9mentaire devrait \u00eatre lanc\u00e9e au second semestre 2001. La lutte contre la fraude en ligne est un combat permanent.<\/p>\n<p>krakenaccess.com : nous pouvons r\u00e9aliser un audit Web. Demandez un devis de d\u00e9tective priv\u00e9 pour des menaces num\u00e9riques ou une v\u00e9rification de cv.<\/p>\n<p>Afin de l&#8217;analyser la cybercriminalit\u00e9 plus en d\u00e9tail, le probl\u00e8me g\u00e9n\u00e9ral a \u00e9t\u00e9 scind\u00e9 en huit aspects strat\u00e9giques dont la plus grande fr\u00e9quence et sophistication des infractions dans le cyberespace. Une type de fraude peut causer un pr\u00e9judice financier de quelques milliers \u00e0 quelques millions d&#8217;euros.<\/p>\n<h4>Audit Vigifraude \u00ae sur brokerofgeneve.net et futur-solution.com<\/h4>\n<p>1000eclats.com : que penser de ce site ? Vous avez besoin d&#8217;un devis pour une investigation sur <a href=\"https:\/\/cybercrime.pacta.com\/adware\/\">adware<\/a> ?<\/p>\n<p><img decoding=\"async\" src=\"https:\/\/pacta.biz\/detective\/wp-content\/uploads\/sites\/20\/2022\/12\/site-alain-stevens-pacta-com-1.jpg\" alt=\"D\u00e9nigrement sur les r\u00e9seaux sociaux - Consultant en cybercriminalit\u00e9\" \/><\/p>\n<p>Le terme &#8216;offrir&#8217;  laisse entendre que la personne qui offre le mat\u00e9riel en question peut effectivement le fournir. Sous certaines conditions, la responsabilit\u00e9 civile du professionnel peut \u00eatre engag\u00e9e et des sanctions prononc\u00e9es.<\/p>\n<p>Demandez un devis si vous souhaitez une enqu\u00eate informatique pour <a href=\"https:\/\/cybercrime.pacta.com\/effacement-des-donnees\/\">effacement des donn\u00e9es<\/a>.<\/p>\n","protected":false},"excerpt":{"rendered":"<div class=\"mh-excerpt\"><p>Angers, Loire-atlantique, comment choisir un consultant en cybercriminalit\u00e9 ? Enqu\u00eate pour Mise \u00e0 disposition de toute donn\u00e9e adapt\u00e9e pour commettre des infractions aux STAD, concurrence <a class=\"mh-excerpt-more\" href=\"https:\/\/pacta.biz\/detective\/importation-de-toute-donnee-adaptee-pour-commettre-des-infractions-aux-stad\/\" title=\"Importation de toute donn\u00e9e adapt\u00e9e pour commettre des infractions aux STAD\">[&#8230;]<\/a><\/p>\n<\/div>","protected":false},"author":1,"featured_media":0,"parent":0,"menu_order":0,"comment_status":"open","ping_status":"open","template":"","meta":{"_bbp_topic_count":0,"_bbp_reply_count":0,"_bbp_total_topic_count":0,"_bbp_total_reply_count":0,"_bbp_voice_count":0,"_bbp_anonymous_reply_count":0,"_bbp_topic_count_hidden":0,"_bbp_reply_count_hidden":0,"_bbp_forum_subforum_count":0,"footnotes":""},"class_list":["post-2217","page","type-page","status-publish","hentry"],"_links":{"self":[{"href":"https:\/\/pacta.biz\/detective\/wp-json\/wp\/v2\/pages\/2217","targetHints":{"allow":["GET"]}}],"collection":[{"href":"https:\/\/pacta.biz\/detective\/wp-json\/wp\/v2\/pages"}],"about":[{"href":"https:\/\/pacta.biz\/detective\/wp-json\/wp\/v2\/types\/page"}],"author":[{"embeddable":true,"href":"https:\/\/pacta.biz\/detective\/wp-json\/wp\/v2\/users\/1"}],"replies":[{"embeddable":true,"href":"https:\/\/pacta.biz\/detective\/wp-json\/wp\/v2\/comments?post=2217"}],"version-history":[{"count":0,"href":"https:\/\/pacta.biz\/detective\/wp-json\/wp\/v2\/pages\/2217\/revisions"}],"wp:attachment":[{"href":"https:\/\/pacta.biz\/detective\/wp-json\/wp\/v2\/media?parent=2217"}],"curies":[{"name":"wp","href":"https:\/\/api.w.org\/{rel}","templated":true}]}}