{"id":2114,"date":"2022-12-03T16:07:55","date_gmt":"2022-12-03T15:07:55","guid":{"rendered":"https:\/\/pacta.biz\/detective\/dark-data\/"},"modified":"2022-12-03T16:07:55","modified_gmt":"2022-12-03T15:07:55","slug":"dark-data","status":"publish","type":"page","link":"https:\/\/pacta.biz\/detective\/dark-data\/","title":{"rendered":"Dark Data"},"content":{"rendered":"<p>Grenoble, Nord, comment <strong>choisir un consultant en cybercriminalit\u00e9<\/strong> ? Enqu\u00eate pour S\u00e9curit\u00e9 priv\u00e9e, concurrence d\u00e9loyale et contrefa\u00e7ons, intelligence strat\u00e9gique, probl\u00e8mes de voisinage, nos partenaires d\u00e9tectives priv\u00e9s vous accompagnent. Dark Data, probl\u00e8mes de voisinage, d\u00e9couvrez les services Judicialis \u00ae.<\/p>\n<p>Dark Data, acc\u00e8s ou maintien frauduleux, le consultant en cybercriminalit\u00e9 prend en charge vos affaires dans le d\u00e9partement Nord, \u00e0 Annecy, Chinon, Rambouillet ou la r\u00e9gion Indre-et-Loire (37) Loir-et-Cher (41).<\/p>\n<p><img decoding=\"async\" src=\"https:\/\/pacta.biz\/detective\/wp-content\/uploads\/sites\/20\/2022\/12\/site-alain-stevens-pacta-com.jpg\" alt=\"Dark Data - Consultant en cybercriminalit\u00e9\" \/><\/p>\n<p>Lun\u00e9ville<\/p>\n<h2>Consultant en cybers\u00e9curit\u00e9 Gard (30)<\/h2>\n<p>A Nantes, un d\u00e9tective partenaire Vigifraude vous propose des enqu\u00eates pour enqu\u00eate de solvabilit\u00e9 et recherches priv\u00e9es, pour votre avocat sp\u00e9cialis\u00e9 en droit des associations et des fondations. concurrence d\u00e9loyale et contrefa\u00e7ons, intelligence strat\u00e9gique, Vigifraude \u00ae vous propose des solutions.<\/p>\n<p>La Section 2 du chapitre II, questions de droit proc\u00e9dural \u00e9nonce ensuite les pouvoirs de proc\u00e9dure suivants comme la collecte en temps r\u00e9el des donn\u00e9es relatives au trafic.<\/p>\n<h3>S\u00e9curit\u00e9 priv\u00e9e Lun\u00e9ville<\/h3>\n<p>Nous intervenons pour des affaires de <a href=\"https:\/\/cybercrime.pacta.com\/social-engineering\/\">social engineering<\/a>.<\/p>\n<p>DDCSPP DE L&#8217;YONNE Direction d\u00e9partementale YONNE Bourgogne-Franche-Comt\u00e9 : 3 rue Jehan Pinard B.P. 19, 89010 AUXERRE CEDEX. T\u00e9l : 03 86 72 69 00. Fax : 03 86 72 69 61 Mail : ddcspp@yonne.gouv.fr. Gps : 47.792705,3.572688 Vous avez besoin d&#8217;un d\u00e9tective en r\u00e9gion Gard (30) pour un comportement d\u00e9loyal ? D\u00e9couvrez les services Pacta \u00ae 360 Investigation.<\/p>\n<h2>Consultant en cybercriminalit\u00e9 65 &#8211; Hautes-Pyr\u00e9n\u00e9es<\/h2>\n<p>Vous avez un litige en cybercriminalit\u00e9 dans le d\u00e9partement 15 &#8211; Cantal ou 69 &#8211; Rh\u00f4ne &#8211; Auvergne-Rh\u00f4ne-Alpes ?<\/p>\n<p><img decoding=\"async\" src=\"https:\/\/pacta.biz\/detective\/wp-content\/uploads\/sites\/20\/2022\/12\/alains-stevens-8-conseils-informatique-consultant-cybercrime-7.jpg\" alt=\"S\u00e9curit\u00e9 priv\u00e9e - Consultant en cybercriminalit\u00e9\" \/><\/p>\n<p>La n\u00e9cessit\u00e9 d&#8217;une protection correspond \u00e0 l&#8217;int\u00e9r\u00eat des organisations comme des particuliers de pouvoir diriger, exploiter et contr\u00f4ler leurs syst\u00e8mes sans perturbation et entrave d&#8217;aucune sorte.<\/p>\n<h3>Protection de l&#8217;information Vincennes<\/h3>\n<p>D\u00e9couvrez nos services pour <a href=\"https:\/\/cybercrime.pacta.com\/investigation-numerique\/\">investigation num\u00e9rique<\/a>.<\/p>\n<p>La disposition des articles 2 \u00e0 5 s&#8217;appuie sur des instruments r\u00e9cemment adopt\u00e9s par les dispositions adopt\u00e9es dans certains pays en la mati\u00e8re.<\/p>\n<h2>Fraudes t\u00e9l\u00e9phoniques : D\u00e9tective priv\u00e9 cybercriminalit\u00e9 et comportement illicite<\/h2>\n<p>Vous \u00eates enqu\u00eateur, m\u00e9diateur p\u00e9nal, vous avez besoin d&#8217;un audit Web sur titantrade.com, horus-ltd.com, epargnebitcoin.com, grs-capital.com ? Nous proposons des solutions, avec des d\u00e9tectives en r\u00e9gion Nord-Pas-de-Calais. Cour de cassation : Juridiction supr\u00eame de l&#8217;ordre judiciaire, install\u00e9e \u00e0  Paris. Son r\u00f4le n&#8217;est pas de rejuger une affaire, mais de contr\u00f4ler que les d\u00e9cisions de justice ont \u00e9t\u00e9 rendues en conformit\u00e9 avec les r\u00e8gles de droit.<\/p>\n<p>titantrade.com : demandez un devis pour un audit Web. D&#8217;ailleurs, vous pouvez aussi lire ce document : JO L 153 du 8.6.2001, p. 1.<\/p>\n<h3>R\u00e9seaux cybercriminels B\u00e9arn (Pau)<\/h3>\n<p>ecoin-stock.com, excellencebroker.com, quels sont les avis et t\u00e9moignages ? Un consultant en cybercriminalit\u00e9 enqu\u00eate pour les affaires de <a href=\"https:\/\/cybercrime.pacta.com\/internet-of-things\/\">internet of things<\/a>.<\/p>\n<p>Le projet de Convention du Conseil de l&#8217;Europe pr\u00e9voit \u00e9galement la cr\u00e9ation d&#8217;un r\u00e9seau de ce type. Toute faute de la part du notaire dans les contr\u00f4les qu&#8217;il doit effectuer peut entra\u00eener la mise en cause de sa responsabilit\u00e9.<\/p>\n<p>epargne-whisky-avis-forum.com : nous pouvons r\u00e9aliser un audit Web. Demandez un devis de d\u00e9tective priv\u00e9 pour des enqu\u00eates diverses ou une recherche de banque.<\/p>\n<p>Si cette option \u00e9tait retenue, le risque serait que le volet op\u00e9rationnel de la lutte contre la cybercriminalit\u00e9 ne soit pas suffisamment associ\u00e9 aux choix et d\u00e9cisions politiques strat\u00e9giques. Le taux de fraude a augment\u00e9.<\/p>\n<h4>Audit Vigifraude \u00ae sur banks-capitals.com et ecoin-stock.com<\/h4>\n<p>vinsimo.com : que penser de ce site ? Vous avez besoin d&#8217;un devis pour une investigation sur <a href=\"https:\/\/cybercrime.pacta.com\/desinformation\/\">d\u00e9sinformation<\/a> ?<\/p>\n<p><img decoding=\"async\" src=\"https:\/\/pacta.biz\/detective\/wp-content\/uploads\/sites\/20\/2022\/12\/site-alain-stevens-pacta-com-1.jpg\" alt=\"R\u00e9seaux cybercriminels - Consultant en cybercriminalit\u00e9\" \/><\/p>\n<p>Le terme &#8216;offrir&#8217; vise \u00e0 inclure le fait de solliciter autrui pour se procurer de la pornographie enfantine. Face aux risques, il est essentiel de prendre les garanties ad\u00e9quates.<\/p>\n<p>Demandez un devis si vous souhaitez une enqu\u00eate informatique pour <a href=\"https:\/\/cybercrime.pacta.com\/traitement-illegal-de-donnees-a-caractere-personnel\/\">traitement ill\u00e9gal de donn\u00e9es \u00e0 caract\u00e8re personnel<\/a>.<\/p>\n","protected":false},"excerpt":{"rendered":"<div class=\"mh-excerpt\"><p>Grenoble, Nord, comment choisir un consultant en cybercriminalit\u00e9 ? Enqu\u00eate pour S\u00e9curit\u00e9 priv\u00e9e, concurrence d\u00e9loyale et contrefa\u00e7ons, intelligence strat\u00e9gique, probl\u00e8mes de voisinage, nos partenaires d\u00e9tectives <a class=\"mh-excerpt-more\" href=\"https:\/\/pacta.biz\/detective\/dark-data\/\" title=\"Dark Data\">[&#8230;]<\/a><\/p>\n<\/div>","protected":false},"author":1,"featured_media":0,"parent":0,"menu_order":0,"comment_status":"open","ping_status":"open","template":"","meta":{"_bbp_topic_count":0,"_bbp_reply_count":0,"_bbp_total_topic_count":0,"_bbp_total_reply_count":0,"_bbp_voice_count":0,"_bbp_anonymous_reply_count":0,"_bbp_topic_count_hidden":0,"_bbp_reply_count_hidden":0,"_bbp_forum_subforum_count":0,"footnotes":""},"class_list":["post-2114","page","type-page","status-publish","hentry"],"_links":{"self":[{"href":"https:\/\/pacta.biz\/detective\/wp-json\/wp\/v2\/pages\/2114","targetHints":{"allow":["GET"]}}],"collection":[{"href":"https:\/\/pacta.biz\/detective\/wp-json\/wp\/v2\/pages"}],"about":[{"href":"https:\/\/pacta.biz\/detective\/wp-json\/wp\/v2\/types\/page"}],"author":[{"embeddable":true,"href":"https:\/\/pacta.biz\/detective\/wp-json\/wp\/v2\/users\/1"}],"replies":[{"embeddable":true,"href":"https:\/\/pacta.biz\/detective\/wp-json\/wp\/v2\/comments?post=2114"}],"version-history":[{"count":0,"href":"https:\/\/pacta.biz\/detective\/wp-json\/wp\/v2\/pages\/2114\/revisions"}],"wp:attachment":[{"href":"https:\/\/pacta.biz\/detective\/wp-json\/wp\/v2\/media?parent=2114"}],"curies":[{"name":"wp","href":"https:\/\/api.w.org\/{rel}","templated":true}]}}