{"id":2078,"date":"2022-12-03T16:07:52","date_gmt":"2022-12-03T15:07:52","guid":{"rendered":"https:\/\/pacta.biz\/detective\/cyber-risques\/"},"modified":"2022-12-03T16:07:52","modified_gmt":"2022-12-03T15:07:52","slug":"cyber-risques","status":"publish","type":"page","link":"https:\/\/pacta.biz\/detective\/cyber-risques\/","title":{"rendered":"Cyber-risques"},"content":{"rendered":"<p>Limoges, Meuse, comment <strong>choisir un consultant en cybercriminalit\u00e9<\/strong> ? Enqu\u00eate pour Escroquerie FOVI, conflits de voisinage, enqu\u00eates et recherches pour les particuliers et les entreprises, recherche d\u2019h\u00e9ritiers pour les notaires, nos partenaires d\u00e9tectives priv\u00e9s vous accompagnent. Cyber-risques, recherche d\u2019h\u00e9ritiers pour les notaires, d\u00e9couvrez les services Judicialis \u00ae.<\/p>\n<p>Cyber-risques, cybersurveillance, le consultant en cybercriminalit\u00e9 prend en charge vos affaires dans le d\u00e9partement Meuse, \u00e0 B\u00e9thune, G\u00e9rardmer, Pontarlier ou la r\u00e9gion Grand Est : Alsace-Champagne-Ardenne-Lorraine.<\/p>\n<p><img decoding=\"async\" src=\"https:\/\/pacta.biz\/detective\/wp-content\/uploads\/sites\/20\/2022\/12\/site-alain-stevens-pacta-com.jpg\" alt=\"Cyber-risques - Consultant en cybercriminalit\u00e9\" \/><\/p>\n<p>Levallois-Perret<\/p>\n<h2>Consultant en cybers\u00e9curit\u00e9 Orne (61)<\/h2>\n<p>A Nantes, un d\u00e9tective partenaire Vigifraude vous propose des enqu\u00eates pour d\u00e9tournements financiers et r\u00e9alisation d&#8217;audits de s\u00fbret\u00e9, pour votre avocat sp\u00e9cialis\u00e9 en droit public \u00e9conomique. conflits de voisinage, enqu\u00eates et recherches pour les particuliers et les entreprises, Vigifraude \u00ae vous propose des solutions.<\/p>\n<p>Le recours \u00e0 des pouvoirs coercitifs peuvent consister en l&#8217;interception de t\u00e9l\u00e9communications<\/p>\n<h3>Escroquerie FOVI Levallois-Perret<\/h3>\n<p>Nous intervenons pour des affaires de <a href=\"https:\/\/cybercrime.pacta.com\/vol-de-donnees\/\">vol de donn\u00e9es<\/a>.<\/p>\n<p>DDPP DE LA MANCHE Direction d\u00e9partementale MANCHE Normandie : 1304 Avenue de Paris BP 90286, 50009 SAINT-LO CEDEX. T\u00e9l : 02 50 80 40 50. Fax : 02 50 80 40 62 Mail : ddpp@manche.gouv.fr. Gps : 49.116277,-1.057183 Vous avez besoin d&#8217;un d\u00e9tective en r\u00e9gion Orne (61) pour un arr\u00eat maladie de complaisance ? D\u00e9couvrez les services Pacta \u00ae 360 Investigation.<\/p>\n<h2>Consultant en cybercriminalit\u00e9 48 &#8211; Loz\u00e8re<\/h2>\n<p>Vous avez un litige en cybercriminalit\u00e9 dans le d\u00e9partement 973 &#8211; Guyane ou 28 &#8211; Eure-et-Loir &#8211; Centre-Val de Loire ?<\/p>\n<p><img decoding=\"async\" src=\"https:\/\/pacta.biz\/detective\/wp-content\/uploads\/sites\/20\/2022\/12\/alains-stevens-8-conseils-informatique-consultant-cybercrime-7.jpg\" alt=\"Escroquerie FOVI - Consultant en cybercriminalit\u00e9\" \/><\/p>\n<p>Le titre 3 porte sur les &#8216;infractions se rapportant au contenu&#8217; \u00e0 savoir la production ou la diffusion illicites de pornographie enfantine par le biais de syst\u00e8mes informatiques, qui repr\u00e9sente l&#8217;un des modes d&#8217;ex\u00e9cution d&#8217;une infraction les plus dangereux qui aient r\u00e9cemment fait leur apparition.<\/p>\n<h3>Identification Thouars<\/h3>\n<p>D\u00e9couvrez nos services pour <a href=\"https:\/\/cybercrime.pacta.com\/escroquerie-par-defaut-de-livraison\/\">escroquerie par d\u00e9faut de livraison<\/a>.<\/p>\n<p>Le terme &#8216;non publiques&#8217; qualifie la nature du moyen de transmission (communication), non la nature des donn\u00e9es transmises.<\/p>\n<h2>Propri\u00e9t\u00e9 intellectuelle : D\u00e9tective priv\u00e9 cybercriminalit\u00e9 et arr\u00eat de travail abusif<\/h2>\n<p>Vous \u00eates documentaliste, orthophoniste, vous avez besoin d&#8217;un audit Web sur ioptioneu.com, igm-financial.com, direct-ep.com, infoconso.info ? Nous proposons des solutions, avec des d\u00e9tectives en r\u00e9gion Grand Est. Bail : Il d\u00e9signe \u00e9galement le contrat qui r\u00e9git les rapports entre la personne qui loue un bien (le bailleur) et le locataire ( le preneur).<\/p>\n<p>ioptioneu.com : demandez un devis pour un audit Web. Il est possible de r\u00e9duire consid\u00e9rablement les risques de cambriolage domestique en prenant quelques mesures de pr\u00e9vention relativement simples, telles que celles d\u00e9crites dans le programme de la police relatif au suivi de la population, une vaste \u00e9tude n\u00e9erlandaise sur la victimisation.<\/p>\n<h3>Droit \u00e0 l&#8217;image B\u00e9arn (Pau)<\/h3>\n<p>securelyriches.com\/bitcoinevolution, callwinfx.com, quels sont les avis et t\u00e9moignages ? Un consultant en cybercriminalit\u00e9 enqu\u00eate pour les affaires de <a href=\"https:\/\/cybercrime.pacta.com\/effacement-numerique\/\">effacement num\u00e9rique<\/a>.<\/p>\n<p>Les principaux probl\u00e8mes dont traite la l\u00e9gislation existante dans le domaine de la criminalit\u00e9 informatique, tant au niveau de l&#8217;Union europ\u00e9enne qu&#8217;\u00e0 l&#8217;\u00e9chelon des \u00c9tats membres, sont les suivants: Toute activit\u00e9 professionnelle est susceptible d&#8217;engendrer des dommages.<\/p>\n<p>investirdans-le-vin.com : nous pouvons r\u00e9aliser un audit Web. Demandez un devis de d\u00e9tective priv\u00e9 pour un faux avis sur internet ou une v\u00e9rification d&#8217;emploi du temps.<\/p>\n<p>Il y aura donc lieu d&#8217;\u00e9valuer ult\u00e9rieurement l&#8217;incidence particuli\u00e8re des \u00e9l\u00e9ments concrets de cette politique. La nouvelle d\u00e9claration de performance extra-financi\u00e8re devient un outil de pilotage de la strat\u00e9gie de l&#8217;entreprise.<\/p>\n<h4>Audit Vigifraude \u00ae sur angels-investors.com et securelyriches.com\/bitcoinevolution<\/h4>\n<p>uniqa-alternatives.com : que penser de ce site ? Vous avez besoin d&#8217;un devis pour une investigation sur <a href=\"https:\/\/cybercrime.pacta.com\/activites-cybercriminelles\/\">activit\u00e9s cybercriminelles<\/a> ?<\/p>\n<p><img decoding=\"async\" src=\"https:\/\/pacta.biz\/detective\/wp-content\/uploads\/sites\/20\/2022\/12\/site-alain-stevens-pacta-com-1.jpg\" alt=\"Droit \u00e0 l'image - Consultant en cybercriminalit\u00e9\" \/><\/p>\n<p>Un moyen efficace de mettre un frein \u00e0 la production de pornographie enfantine consiste \u00e0 rendre passible de sanctions p\u00e9nales le comportement de chaque maillon de la cha\u00eene allant de la production \u00e0 la possession. Le fait de participer une op\u00e9ration de financement de terrorisme est passible de sanctions disciplinaires.<\/p>\n<p>Demandez un devis si vous souhaitez une enqu\u00eate informatique pour <a href=\"https:\/\/cybercrime.pacta.com\/donnees-privees\/\">donn\u00e9es priv\u00e9es<\/a>.<\/p>\n","protected":false},"excerpt":{"rendered":"<div class=\"mh-excerpt\"><p>Limoges, Meuse, comment choisir un consultant en cybercriminalit\u00e9 ? Enqu\u00eate pour Escroquerie FOVI, conflits de voisinage, enqu\u00eates et recherches pour les particuliers et les entreprises, <a class=\"mh-excerpt-more\" href=\"https:\/\/pacta.biz\/detective\/cyber-risques\/\" title=\"Cyber-risques\">[&#8230;]<\/a><\/p>\n<\/div>","protected":false},"author":1,"featured_media":0,"parent":0,"menu_order":0,"comment_status":"open","ping_status":"open","template":"","meta":{"_bbp_topic_count":0,"_bbp_reply_count":0,"_bbp_total_topic_count":0,"_bbp_total_reply_count":0,"_bbp_voice_count":0,"_bbp_anonymous_reply_count":0,"_bbp_topic_count_hidden":0,"_bbp_reply_count_hidden":0,"_bbp_forum_subforum_count":0,"footnotes":""},"class_list":["post-2078","page","type-page","status-publish","hentry"],"_links":{"self":[{"href":"https:\/\/pacta.biz\/detective\/wp-json\/wp\/v2\/pages\/2078","targetHints":{"allow":["GET"]}}],"collection":[{"href":"https:\/\/pacta.biz\/detective\/wp-json\/wp\/v2\/pages"}],"about":[{"href":"https:\/\/pacta.biz\/detective\/wp-json\/wp\/v2\/types\/page"}],"author":[{"embeddable":true,"href":"https:\/\/pacta.biz\/detective\/wp-json\/wp\/v2\/users\/1"}],"replies":[{"embeddable":true,"href":"https:\/\/pacta.biz\/detective\/wp-json\/wp\/v2\/comments?post=2078"}],"version-history":[{"count":0,"href":"https:\/\/pacta.biz\/detective\/wp-json\/wp\/v2\/pages\/2078\/revisions"}],"wp:attachment":[{"href":"https:\/\/pacta.biz\/detective\/wp-json\/wp\/v2\/media?parent=2078"}],"curies":[{"name":"wp","href":"https:\/\/api.w.org\/{rel}","templated":true}]}}