{"id":2515,"date":"2022-01-15T16:28:14","date_gmt":"2022-01-15T16:28:14","guid":{"rendered":"https:\/\/pacta.biz\/base1menu1\/?page_id=2515"},"modified":"2022-01-15T16:28:14","modified_gmt":"2022-01-15T16:28:14","slug":"intelligence-artificielle","status":"publish","type":"page","link":"https:\/\/pacta.biz\/base1menu1\/informatique\/intelligence-artificielle\/","title":{"rendered":"L&#8217;intelligence artificielle pour renforcer la cybers\u00e9curit\u00e9"},"content":{"rendered":"<p>L&#8217;intelligence artificielle pourrait remplacer beaucoup d&#8217;emplois dans les 25 prochaines ann\u00e9es.<\/p>\n<p><img decoding=\"async\" src=\"https:\/\/pacta.biz\/images\/800-500\/droit-de-l-homme-droit-des-mines-informatique-albi.jpg\" alt=\"Alain STEVENS - Services pour l'intelligence artificielle\"><\/p>\n<p>Il s&#8217;agit l\u00e9galement afin de vous fournir les \u00e9l\u00e9ments de preuve dont vous avez besoin pour d\u00e9fendre vos int\u00e9r\u00eats, que vous soyez un particulier dans la cat\u00e9gorie vendeurs par correspondance, t\u00e9l\u00e9vendeurs, ouvriers qualifi\u00e9s de la manutention.<\/p>\n<p>Ll convient de s&#8217;int\u00e9resser aux changements introduits par Internet dans les techniques et moyens de communication, mais aussi aux r\u00e8gles r\u00e9gissant la conservation des donn\u00e9es stock\u00e9es, la conservation et la divulgation rapide des donn\u00e9es relatives au trafic, la perquisition des syst\u00e8mes informatiques, la saisie de donn\u00e9es informatiques, la collecte en temps r\u00e9el des donn\u00e9es relatives au trafic et l&#8217;interception de donn\u00e9es relatives au contenu.<\/p>\n<div style=\"padding: 56.25% 0 0 0; position: relative;\"><iframe style=\"position: absolute; top: 0; left: 0; width: 100%; height: 100%;\" title=\"La s&amp;eacute;curit&amp;eacute; informatique en d&amp;eacute;placement\" src=\"https:\/\/player.vimeo.com\/video\/424298739?h=e403b9c8f6&amp;badge=0&amp;autopause=0&amp;player_id=0&amp;app_id=58479\" frameborder=\"0\" allowfullscreen=\"allowfullscreen\"><\/iframe><\/div>\n<p><script src=\"https:\/\/player.vimeo.com\/api\/player.js\"><\/script><br \/>\nVous pourrez retrouver nos prestations en cybercriminalit\u00e9 sur le site pacta.com avec nos produits et nos tarifs.<br \/>\n&nbsp;<br \/>\n<figure id=\"attachment_2345\" aria-describedby=\"caption-attachment-2345\" style=\"width: 940px\" class=\"wp-caption alignnone\"><img loading=\"lazy\" decoding=\"async\" class=\"wp-image-2345 size-full\" src=\"https:\/\/pacta.biz\/images\/940-198\/litige-cybercriminalite-avocat-marseille.jpg\" alt=\"Cybers\u00e9curit\u00e9 : des signalements plus nombreux en 2020\" width=\"940\" height=\"198\" \/><figcaption id=\"caption-attachment-2345\" class=\"wp-caption-text\">Qui g\u00e8re la cybers\u00e9curit\u00e9 ?<\/figcaption><\/figure>\n","protected":false},"excerpt":{"rendered":"<div class=\"mh-excerpt\"><p>L&#8217;intelligence artificielle pourrait remplacer beaucoup d&#8217;emplois dans les 25 prochaines ann\u00e9es. Il s&#8217;agit l\u00e9galement afin de vous fournir les \u00e9l\u00e9ments de preuve dont vous avez <a class=\"mh-excerpt-more\" href=\"https:\/\/pacta.biz\/base1menu1\/informatique\/intelligence-artificielle\/\" title=\"L&#8217;intelligence artificielle pour renforcer la cybers\u00e9curit\u00e9\">[&#8230;]<\/a><\/p>\n<\/div>","protected":false},"author":1,"featured_media":0,"parent":1355,"menu_order":0,"comment_status":"open","ping_status":"open","template":"template-full.php","meta":{"_bbp_topic_count":0,"_bbp_reply_count":0,"_bbp_total_topic_count":0,"_bbp_total_reply_count":0,"_bbp_voice_count":0,"_bbp_anonymous_reply_count":0,"_bbp_topic_count_hidden":0,"_bbp_reply_count_hidden":0,"_bbp_forum_subforum_count":0,"footnotes":""},"class_list":["post-2515","page","type-page","status-publish","hentry"],"_links":{"self":[{"href":"https:\/\/pacta.biz\/base1menu1\/wp-json\/wp\/v2\/pages\/2515","targetHints":{"allow":["GET"]}}],"collection":[{"href":"https:\/\/pacta.biz\/base1menu1\/wp-json\/wp\/v2\/pages"}],"about":[{"href":"https:\/\/pacta.biz\/base1menu1\/wp-json\/wp\/v2\/types\/page"}],"author":[{"embeddable":true,"href":"https:\/\/pacta.biz\/base1menu1\/wp-json\/wp\/v2\/users\/1"}],"replies":[{"embeddable":true,"href":"https:\/\/pacta.biz\/base1menu1\/wp-json\/wp\/v2\/comments?post=2515"}],"version-history":[{"count":10,"href":"https:\/\/pacta.biz\/base1menu1\/wp-json\/wp\/v2\/pages\/2515\/revisions"}],"predecessor-version":[{"id":2901,"href":"https:\/\/pacta.biz\/base1menu1\/wp-json\/wp\/v2\/pages\/2515\/revisions\/2901"}],"up":[{"embeddable":true,"href":"https:\/\/pacta.biz\/base1menu1\/wp-json\/wp\/v2\/pages\/1355"}],"wp:attachment":[{"href":"https:\/\/pacta.biz\/base1menu1\/wp-json\/wp\/v2\/media?parent=2515"}],"curies":[{"name":"wp","href":"https:\/\/api.w.org\/{rel}","templated":true}]}}