{"id":2012,"date":"2022-01-15T16:28:12","date_gmt":"2022-01-15T16:28:12","guid":{"rendered":"https:\/\/pacta.biz\/base1menu1\/?page_id=2012"},"modified":"2022-01-15T16:28:13","modified_gmt":"2022-01-15T16:28:13","slug":"avocats","status":"publish","type":"page","link":"https:\/\/pacta.biz\/base1menu1\/investigation\/avocats\/","title":{"rendered":"Arnaque aux faux ordres de virement &#8211; D\u00e9nis de service distribu\u00e9s &#8211; Petites annonces &#8211; Quel avocat choisir ?"},"content":{"rendered":"<p>L&#8217;avocat a pour r\u00f4le de vous repr\u00e9senter devant le tribunal.<\/p>\n<p><img decoding=\"async\" src=\"https:\/\/pacta.biz\/images\/800-500\/cyber-intelligence-fiscalite-des-particuliers-enquetes-informatiques-colmar.jpg\" alt=\"Alain STEVENS - Nos services pour les avocats\"><\/p>\n<p> A quel rythme les bitcoins sont-ils \u00e9mis ?<\/p>\n<p>Consultant en r\u00e9f\u00e9rencement de sites Web : Depuis 1999, nous vous proposons nos services de r\u00e9f\u00e9rencement pour tous les budgets \u00e0 Nancy, dans la r\u00e9gion Occitanie ou dans le d\u00e9partement 37 &#8211; Indre-et-Loire &#8211; Tours ? Un consultant en r\u00e9f\u00e9rencement vous accompagne, que vous soyez \u00e0 Asni\u00e8res-sur-Seine, Mamoudzou, Charleville-M\u00e9zi\u00e8res, Bagneux, ou Saint-Rapha\u00ebl.<\/p>\n<p>Zcash (ZEC) &#8211; Contrefa\u00e7on de marques, escroquerie par d\u00e9faut de livraison, hame\u00e7onnage : assistance informatique \u00e0 Strasbourg, V\u00e9nissieux, ou Villepinte : Faites appel \u00e0 nos services !<br \/>\n<iframe loading=\"lazy\" title=\"vimeo-player\" src=\"https:\/\/player.vimeo.com\/video\/469661249?h=f96917c633\" width=\"640\" height=\"360\" frameborder=\"0\" allowfullscreen=\"allowfullscreen\"><\/iframe><br \/>\nEspionnage, diffamation, vol de donn\u00e9es sensibles chiffr\u00e9es, d\u00e9nigrement, fraude, nous aidons les chefs d&#8217;entreprises \u00e0 se prot\u00e9ger contre les cyber-menaces.<br \/>\nVisitez notre site pacta.com pour d\u00e9couvrir nos services pour les avocats.<br \/>\n<figure id=\"attachment_2464\" aria-describedby=\"caption-attachment-2464\" style=\"width: 940px\" class=\"wp-caption aligncenter\"><img loading=\"lazy\" decoding=\"async\" class=\"wp-image-2464 size-full\" src=\"https:\/\/pacta.biz\/images\/940-198\/enquete-informatique-cybercrime-Poitiers-hacker-virus-spyware-paris.jpg\" alt=\"Principes fondamentaux de cybers\u00e9curit\u00e9\" width=\"940\" height=\"198\" \/><figcaption id=\"caption-attachment-2464\" class=\"wp-caption-text\">Qui sont les cybercriminels ?<\/figcaption><\/figure>\n","protected":false},"excerpt":{"rendered":"<div class=\"mh-excerpt\"><p>L&#8217;avocat a pour r\u00f4le de vous repr\u00e9senter devant le tribunal. A quel rythme les bitcoins sont-ils \u00e9mis ? Consultant en r\u00e9f\u00e9rencement de sites Web : <a class=\"mh-excerpt-more\" href=\"https:\/\/pacta.biz\/base1menu1\/investigation\/avocats\/\" title=\"Arnaque aux faux ordres de virement &#8211; D\u00e9nis de service distribu\u00e9s &#8211; Petites annonces &#8211; Quel avocat choisir ?\">[&#8230;]<\/a><\/p>\n<\/div>","protected":false},"author":1,"featured_media":0,"parent":1369,"menu_order":0,"comment_status":"open","ping_status":"open","template":"template-full.php","meta":{"_bbp_topic_count":0,"_bbp_reply_count":0,"_bbp_total_topic_count":0,"_bbp_total_reply_count":0,"_bbp_voice_count":0,"_bbp_anonymous_reply_count":0,"_bbp_topic_count_hidden":0,"_bbp_reply_count_hidden":0,"_bbp_forum_subforum_count":0,"footnotes":""},"class_list":["post-2012","page","type-page","status-publish","hentry"],"_links":{"self":[{"href":"https:\/\/pacta.biz\/base1menu1\/wp-json\/wp\/v2\/pages\/2012","targetHints":{"allow":["GET"]}}],"collection":[{"href":"https:\/\/pacta.biz\/base1menu1\/wp-json\/wp\/v2\/pages"}],"about":[{"href":"https:\/\/pacta.biz\/base1menu1\/wp-json\/wp\/v2\/types\/page"}],"author":[{"embeddable":true,"href":"https:\/\/pacta.biz\/base1menu1\/wp-json\/wp\/v2\/users\/1"}],"replies":[{"embeddable":true,"href":"https:\/\/pacta.biz\/base1menu1\/wp-json\/wp\/v2\/comments?post=2012"}],"version-history":[{"count":15,"href":"https:\/\/pacta.biz\/base1menu1\/wp-json\/wp\/v2\/pages\/2012\/revisions"}],"predecessor-version":[{"id":2885,"href":"https:\/\/pacta.biz\/base1menu1\/wp-json\/wp\/v2\/pages\/2012\/revisions\/2885"}],"up":[{"embeddable":true,"href":"https:\/\/pacta.biz\/base1menu1\/wp-json\/wp\/v2\/pages\/1369"}],"wp:attachment":[{"href":"https:\/\/pacta.biz\/base1menu1\/wp-json\/wp\/v2\/media?parent=2012"}],"curies":[{"name":"wp","href":"https:\/\/api.w.org\/{rel}","templated":true}]}}