{"id":1379,"date":"2022-01-15T16:28:11","date_gmt":"2022-01-15T16:28:11","guid":{"rendered":"https:\/\/pacta.biz\/base1menu1\/?page_id=1379"},"modified":"2022-01-15T16:28:12","modified_gmt":"2022-01-15T16:28:12","slug":"liste-des-articles","status":"publish","type":"page","link":"https:\/\/pacta.biz\/base1menu1\/a-propos\/plan-du-site\/liste-des-articles\/","title":{"rendered":"Quelle est la diff\u00e9rence entre la s\u00e9curit\u00e9 informatique et la cybers\u00e9curit\u00e9 ?"},"content":{"rendered":"<p>Quels sont les moyens de pr\u00e9vention des risques ?<\/p>\n<p>Vous avez l&#8217;intention de comparer les promotions des h\u00f4tels \u00e0 Manama ? <\/p>\n<p><img decoding=\"async\" src=\"https:\/\/pacta.biz\/images\/800-500\/bitcoin-droit-de-la-fiducie-conseil-en-informatique-brest.jpg\" alt=\"Alain STEVENS - Services pour la pr\u00e9vention des risques\"><\/p>\n<p>Services informatiques pour les entreprises comme pour les particuliers \u00e0 Toulouse, Toulon, Limoges, actes de cybermalveillance \u00e0 Besan\u00e7on, Saint-Paul, Versailles, Cherbourg-en-Cotentin, Saint-Maur-des-Foss\u00e9s, Calais, Villeneuve-d&#8217;Ascq, contactez-nous ! Pour V\u00e9nissieux, Saint-Andr\u00e9, Meaux, Vannes, \u00c9vreux, Saint-Ouen, Massy, S\u00e8te, Istres, Talence, Compi\u00e8gne, Gagny, nous pouvons intervenir en ligne. <\/p>\n<p>Les solutions Vigifraude \u00ae sont disponibles \u00e0 Saint-Joseph, Saint-Chamond, La Ciotat, Romans-sur-Is\u00e8re, FranconvilleM\u00e2con, Li\u00e9vin, Villenave-d&#8217;Ornon.<\/p>\n<p>Vous d\u00e9m\u00e9nagez dans la r\u00e9gion Occitanie ? D\u00e9couvrez nos services de t\u00e9l\u00e9maintenance informatique.<\/p>\n<p>Formation et certification en cybers\u00e9curit\u00e9 : vous aimeriez pr\u00e9parer une formation dans la r\u00e9gion Lorraine, \u00e0 Chamb\u00e9ry, Montlu\u00e7on, dans le d\u00e9partement 972 &#8211; Martinique &#8211; Fort-de-France ? Contactez-nous !<\/p>\n<h2>Conseil en strat\u00e9gie en r\u00e9gion Occitanie &#8211; Toulouse et \u00e0 Saint-Germain-en-Laye<\/h2>\n<div style=\"padding: 56.25% 0 0 0; position: relative;\"><iframe style=\"position: absolute; top: 0; left: 0; width: 100%; height: 100%;\" title=\"Les enqu&amp;ecirc;tes informatiques sur la cybercriminalit&amp;eacute;\" src=\"https:\/\/player.vimeo.com\/video\/444868061?h=4e15622148&amp;badge=0&amp;autopause=0&amp;player_id=0&amp;app_id=58479\" frameborder=\"0\" allowfullscreen=\"allowfullscreen\"><\/iframe><\/div>\n<p><script src=\"https:\/\/player.vimeo.com\/api\/player.js\"><\/script><\/p>\n<h2>Nos enqu\u00eates informatiques pour la cybercriminalit\u00e9<\/h2>\n<p>Contentieux, litiges, arnaques, fraudes en ligne, Judicialis \u00ae r\u00e9unit les produits et les services dont vous avez besoin.<br \/>\n<figure id=\"attachment_2424\" aria-describedby=\"caption-attachment-2424\" style=\"width: 940px\" class=\"wp-caption aligncenter\"><img loading=\"lazy\" decoding=\"async\" class=\"wp-image-2424 size-full\" src=\"https:\/\/pacta.biz\/images\/940-198\/Assistance aux victimes de cybermalveillance.jpg\" alt=\"les march\u00e9s de la surveillance, de l'investigation et de l'audit de s\u00e9curit\u00e9\" width=\"940\" height=\"198\" \/><figcaption id=\"caption-attachment-2424\" class=\"wp-caption-text\">Quelles sont les cons\u00e9quences de la cybercriminalit\u00e9 ?<\/figcaption><\/figure>\n<div class=\"wsp-container\"><h2 class=\"wsp-pages-title\">Pages<\/h2>\n<ul class=\"wsp-pages-list\">\n<li class=\"page_item page-item-42 page_item_has_children\"><a href=\"https:\/\/pacta.biz\/base1menu1\/\">Accompagnement d\u00e9di\u00e9 &#8211; Conseil et assistance &#8211; Violation de donn\u00e9es personnelles<\/a>\n<ul class='children'>\n\t<li class=\"page_item page-item-1339\"><a href=\"https:\/\/pacta.biz\/base1menu1\/a-propos\/conditions-generales\/\">Conditions g\u00e9n\u00e9rales<\/a><\/li>\n\t<li class=\"page_item page-item-1341\"><a href=\"https:\/\/pacta.biz\/base1menu1\/a-propos\/confidentialite\/\">Confidentialit\u00e9<\/a><\/li>\n\t<li class=\"page_item page-item-1343\"><a href=\"https:\/\/pacta.biz\/base1menu1\/a-propos\/mentions-legales\/\">Mentions l\u00e9gales<\/a><\/li>\n\t<li class=\"page_item page-item-1982\"><a href=\"https:\/\/pacta.biz\/base1menu1\/a-propos\/references-presse\/\">Nos r\u00e9f\u00e9rences presse en France et \u00e0 l&#8217;international<\/a><\/li>\n\t<li class=\"page_item page-item-1991\"><a href=\"https:\/\/pacta.biz\/base1menu1\/a-propos\/competences\/\">Notre savoir-faire<\/a><\/li>\n\t<li class=\"page_item page-item-1329 page_item_has_children\"><a href=\"https:\/\/pacta.biz\/base1menu1\/a-propos\/plan-du-site\/\">Plan du site<\/a>\n\t<ul class='children'>\n\t\t<li class=\"page_item page-item-1379\"><a href=\"https:\/\/pacta.biz\/base1menu1\/a-propos\/plan-du-site\/liste-des-articles\/\">Quelle est la diff\u00e9rence entre la s\u00e9curit\u00e9 informatique et la cybers\u00e9curit\u00e9 ?<\/a><\/li>\n\t<\/ul>\n<\/li>\n\t<li class=\"page_item page-item-1986\"><a href=\"https:\/\/pacta.biz\/base1menu1\/a-propos\/references-clients\/\">Voici quelques r\u00e9f\u00e9rences clients<\/a><\/li>\n<\/ul>\n<\/li>\n<li class=\"page_item page-item-2478\"><a href=\"https:\/\/pacta.biz\/base1menu1\/pacta-com\/\">Adware &#8211; Crime sur Internet &#8211; Fraude \u00e0 la carte bleue : Pacta.com est notre site principal<\/a><\/li>\n<li class=\"page_item page-item-1363 page_item_has_children\"><a href=\"https:\/\/pacta.biz\/base1menu1\/strategie\/\">C&#8217;est quoi une mission de conseil ?<\/a>\n<ul class='children'>\n\t<li class=\"page_item page-item-2506\"><a href=\"https:\/\/pacta.biz\/base1menu1\/strategie\/e-reputation\/\">Comment \u00e9valuer l&#8217;e-r\u00e9putation d&#8217;un e-commer\u00e7ant<\/a><\/li>\n\t<li class=\"page_item page-item-2521\"><a href=\"https:\/\/pacta.biz\/base1menu1\/strategie\/traitement-du-langage-naturel\/\">Compr\u00e9hension Langage Naturel &#8211; Traitement du langage naturel<\/a><\/li>\n\t<li class=\"page_item page-item-1999\"><a href=\"https:\/\/pacta.biz\/base1menu1\/strategie\/developpement\/\">Conseil, Strat\u00e9gie et D\u00e9veloppement d&#8217;entreprise<\/a><\/li>\n\t<li class=\"page_item page-item-2002\"><a href=\"https:\/\/pacta.biz\/base1menu1\/strategie\/risques-et-fraudes\/\">Enqu\u00eates informatiques &#8211; Crime organis\u00e9 &#8211; D\u00e9nigrement sur Youtube &#8211; Infractions \u00e0 la loi sur la presse<\/a><\/li>\n\t<li class=\"page_item page-item-2518\"><a href=\"https:\/\/pacta.biz\/base1menu1\/strategie\/generation-de-contenu\/\">Pourquoi le contenu est-il crucial lorsque l&#8217;on fait du marketing<\/a><\/li>\n\t<li class=\"page_item page-item-2015\"><a href=\"https:\/\/pacta.biz\/base1menu1\/strategie\/petfood\/\">Protection des entreprises du Petfood<\/a><\/li>\n<\/ul>\n<\/li>\n<li class=\"page_item page-item-66 page_item_has_children\"><a href=\"https:\/\/pacta.biz\/base1menu1\/contact\/\">Cybers\u00e9curit\u00e9 : Besoin d&#8217;assistance informatique ? Prenez contact ! &#8211; R\u00e9silience<\/a>\n<ul class='children'>\n\t<li class=\"page_item page-item-2484\"><a href=\"https:\/\/pacta.biz\/base1menu1\/contact\/podcasts\/\">Corruption &#8211; Cybers\u00e9curit\u00e9 &#8211; G\u00e9olocalisation : nos podcasts sur le site pacta.com<\/a><\/li>\n\t<li class=\"page_item page-item-1963 page_item_has_children\"><a href=\"https:\/\/pacta.biz\/base1menu1\/contact\/documentation\/\">Pr\u00e9sentation de nos services en cybers\u00e9curit\u00e9<\/a>\n\t<ul class='children'>\n\t\t<li class=\"page_item page-item-2481\"><a href=\"https:\/\/pacta.biz\/base1menu1\/contact\/documentation\/videos\/\">Blanchiment d&#8217;argent et corruption &#8211; Cyberconflit &#8211; Fraude \u00e0 la carte bleue : nos vid\u00e9os sur pacta.com<\/a><\/li>\n\t<\/ul>\n<\/li>\n\t<li class=\"page_item page-item-2524\"><a href=\"https:\/\/pacta.biz\/base1menu1\/contact\/vos-questions-faq\/\">Toutes les r\u00e9ponses \u00e0 vos questions &#8211; Attaques informatiques &#8211; Fraude &#8211; Risque de r\u00e9putation<\/a><\/li>\n<\/ul>\n<\/li>\n<li class=\"page_item page-item-1970 page_item_has_children\"><a href=\"https:\/\/pacta.biz\/base1menu1\/assistance\/\">Int\u00e9gration de solutions de s\u00e9curit\u00e9 informatiques<\/a>\n<ul class='children'>\n\t<li class=\"page_item page-item-1975\"><a href=\"https:\/\/pacta.biz\/base1menu1\/assistance\/telemaintenance\/\">Assistance, maintenance et formation en informatique<\/a><\/li>\n<\/ul>\n<\/li>\n<li class=\"page_item page-item-1349 page_item_has_children\"><a href=\"https:\/\/pacta.biz\/base1menu1\/cybersecurite\/\">La probl\u00e9matique de la cybers\u00e9curit\u00e9 dans les entreprises<\/a>\n<ul class='children'>\n\t<li class=\"page_item page-item-2491\"><a href=\"https:\/\/pacta.biz\/base1menu1\/cybersecurite\/cybercriminalite\/\">Les principales questions de s\u00e9curit\u00e9<\/a><\/li>\n\t<li class=\"page_item page-item-2488\"><a href=\"https:\/\/pacta.biz\/base1menu1\/cybersecurite\/securite-informatique\/\">Qu&#8217;est-ce que la confidentialit\u00e9 des donn\u00e9es ?<\/a><\/li>\n\t<li class=\"page_item page-item-2494\"><a href=\"https:\/\/pacta.biz\/base1menu1\/cybersecurite\/hacking-ethique\/\">Qui sont les \u00abWhite Hat\u00bb<\/a><\/li>\n<\/ul>\n<\/li>\n<li class=\"page_item page-item-1346\"><a href=\"https:\/\/pacta.biz\/base1menu1\/domaines\/\">Nous intervenons sur la cybercriminalit\u00e9 et d&#8217;autres contentieux &#8211; D\u00e9tectives priv\u00e9s &#8211; Surveillance &#8211; Reconnaissance faciale<\/a><\/li>\n<li class=\"page_item page-item-1942 page_item_has_children\"><a href=\"https:\/\/pacta.biz\/base1menu1\/vos-besoins\/\">Qu&#8217;est-ce qu&#8217;un service personnalis\u00e9 ?<\/a>\n<ul class='children'>\n\t<li class=\"page_item page-item-1953 page_item_has_children\"><a href=\"https:\/\/pacta.biz\/base1menu1\/vos-besoins\/les-produits\/\">Comment internet Influence-t-il la r\u00e9putation d&#8217;une organisation ?<\/a>\n\t<ul class='children'>\n\t\t<li class=\"page_item page-item-2018\"><a href=\"https:\/\/pacta.biz\/base1menu1\/vos-besoins\/les-produits\/publications\/\">Pr\u00e9sentation de nos produits et de nos solutions<\/a><\/li>\n\t<\/ul>\n<\/li>\n\t<li class=\"page_item page-item-1958 page_item_has_children\"><a href=\"https:\/\/pacta.biz\/base1menu1\/vos-besoins\/les-tarifs\/\">Nos prix en toute transparence &#8211; Conseils<\/a>\n\t<ul class='children'>\n\t\t<li class=\"page_item page-item-2021\"><a href=\"https:\/\/pacta.biz\/base1menu1\/vos-besoins\/les-tarifs\/devis\/\">T\u00e9l\u00e9maintenance : Demandez un devis<\/a><\/li>\n\t<\/ul>\n<\/li>\n\t<li class=\"page_item page-item-1948 page_item_has_children\"><a href=\"https:\/\/pacta.biz\/base1menu1\/vos-besoins\/nos-services\/\">Renforcer la cybers\u00e9curit\u00e9 de vos infrastructures est vital<\/a>\n\t<ul class='children'>\n\t\t<li class=\"page_item page-item-2009\"><a href=\"https:\/\/pacta.biz\/base1menu1\/vos-besoins\/nos-services\/formations\/\">Contenus e-learning<\/a><\/li>\n\t\t<li class=\"page_item page-item-2512\"><a href=\"https:\/\/pacta.biz\/base1menu1\/vos-besoins\/nos-services\/edition\/\">Imprimer et \u00e9diter un livre en ligne<\/a><\/li>\n\t\t<li class=\"page_item page-item-2509\"><a href=\"https:\/\/pacta.biz\/base1menu1\/vos-besoins\/nos-services\/open-data\/\">Open Data : enjeux et opportunit\u00e9s<\/a><\/li>\n\t<\/ul>\n<\/li>\n<\/ul>\n<\/li>\n<li class=\"page_item page-item-1369 page_item_has_children\"><a href=\"https:\/\/pacta.biz\/base1menu1\/investigation\/\">Quels sont les droits de d\u00e9tectives priv\u00e9s<\/a>\n<ul class='children'>\n\t<li class=\"page_item page-item-2012\"><a href=\"https:\/\/pacta.biz\/base1menu1\/investigation\/avocats\/\">Arnaque aux faux ordres de virement &#8211; D\u00e9nis de service distribu\u00e9s &#8211; Petites annonces &#8211; Quel avocat choisir ?<\/a><\/li>\n\t<li class=\"page_item page-item-1383\"><a href=\"https:\/\/pacta.biz\/base1menu1\/investigation\/les-mission-du-consultant-en-investigation\/\">D\u00e9tectives priv\u00e9s &#8211; Filature Pertes commerciales<\/a><\/li>\n\t<li class=\"page_item page-item-1996\"><a href=\"https:\/\/pacta.biz\/base1menu1\/investigation\/detectives-prives\/\">Enqu\u00eate priv\u00e9e &#8211; Arnaques \u00e0 la carte bancaire &#8211; Failles de s\u00e9curit\u00e9 &#8211; Suppression de donn\u00e9es<\/a><\/li>\n<\/ul>\n<\/li>\n<li class=\"page_item page-item-1355 page_item_has_children\"><a href=\"https:\/\/pacta.biz\/base1menu1\/informatique\/\">Services informatiques entreprises<\/a>\n<ul class='children'>\n\t<li class=\"page_item page-item-2006\"><a href=\"https:\/\/pacta.biz\/base1menu1\/informatique\/depannage\/\">D\u00e9pannage informatique &#8211; Contrefa\u00e7ons &#8211; Donn\u00e9es num\u00e9riques &#8211; Identification \u00e9lectronique<\/a><\/li>\n\t<li class=\"page_item page-item-2515\"><a href=\"https:\/\/pacta.biz\/base1menu1\/informatique\/intelligence-artificielle\/\">L&#8217;intelligence artificielle pour renforcer la cybers\u00e9curit\u00e9<\/a><\/li>\n\t<li class=\"page_item page-item-2500 page_item_has_children\"><a href=\"https:\/\/pacta.biz\/base1menu1\/informatique\/blockchain\/\">Quelles sont les diff\u00e9rentes Blockchain ?<\/a>\n\t<ul class='children'>\n\t\t<li class=\"page_item page-item-2503\"><a href=\"https:\/\/pacta.biz\/base1menu1\/informatique\/blockchain\/cryptomonnaies\/\">DeepBrain Chain (DBC), High Performance Blockchain (HPB), MediBloc (MED) : Quelle cryptomonnaie choisir ?<\/a><\/li>\n\t<\/ul>\n<\/li>\n\t<li class=\"page_item page-item-1937\"><a href=\"https:\/\/pacta.biz\/base1menu1\/informatique\/referencement\/\">R\u00e9f\u00e9rencement naturel Google<\/a><\/li>\n\t<li class=\"page_item page-item-2497\"><a href=\"https:\/\/pacta.biz\/base1menu1\/informatique\/programmation\/\">Tous les projets de cr\u00e9ation et d\u00e9veloppement de logiciels<\/a><\/li>\n<\/ul>\n<\/li>\n<\/ul>\n<\/div>\n","protected":false},"excerpt":{"rendered":"<div class=\"mh-excerpt\"><p>Quels sont les moyens de pr\u00e9vention des risques ? Vous avez l&#8217;intention de comparer les promotions des h\u00f4tels \u00e0 Manama ? Services informatiques pour les <a class=\"mh-excerpt-more\" href=\"https:\/\/pacta.biz\/base1menu1\/a-propos\/plan-du-site\/liste-des-articles\/\" title=\"Quelle est la diff\u00e9rence entre la s\u00e9curit\u00e9 informatique et la cybers\u00e9curit\u00e9 ?\">[&#8230;]<\/a><\/p>\n<\/div>","protected":false},"author":1,"featured_media":0,"parent":1329,"menu_order":0,"comment_status":"open","ping_status":"open","template":"template-full.php","meta":{"_bbp_topic_count":0,"_bbp_reply_count":0,"_bbp_total_topic_count":0,"_bbp_total_reply_count":0,"_bbp_voice_count":0,"_bbp_anonymous_reply_count":0,"_bbp_topic_count_hidden":0,"_bbp_reply_count_hidden":0,"_bbp_forum_subforum_count":0,"footnotes":""},"class_list":["post-1379","page","type-page","status-publish","hentry"],"_links":{"self":[{"href":"https:\/\/pacta.biz\/base1menu1\/wp-json\/wp\/v2\/pages\/1379","targetHints":{"allow":["GET"]}}],"collection":[{"href":"https:\/\/pacta.biz\/base1menu1\/wp-json\/wp\/v2\/pages"}],"about":[{"href":"https:\/\/pacta.biz\/base1menu1\/wp-json\/wp\/v2\/types\/page"}],"author":[{"embeddable":true,"href":"https:\/\/pacta.biz\/base1menu1\/wp-json\/wp\/v2\/users\/1"}],"replies":[{"embeddable":true,"href":"https:\/\/pacta.biz\/base1menu1\/wp-json\/wp\/v2\/comments?post=1379"}],"version-history":[{"count":15,"href":"https:\/\/pacta.biz\/base1menu1\/wp-json\/wp\/v2\/pages\/1379\/revisions"}],"predecessor-version":[{"id":2867,"href":"https:\/\/pacta.biz\/base1menu1\/wp-json\/wp\/v2\/pages\/1379\/revisions\/2867"}],"up":[{"embeddable":true,"href":"https:\/\/pacta.biz\/base1menu1\/wp-json\/wp\/v2\/pages\/1329"}],"wp:attachment":[{"href":"https:\/\/pacta.biz\/base1menu1\/wp-json\/wp\/v2\/media?parent=1379"}],"curies":[{"name":"wp","href":"https:\/\/api.w.org\/{rel}","templated":true}]}}